2*q + 5*x, -x = -3*q - 3*x + 20. Let d(n) = 41*n**2 + 3*n - 3. Let g be d(-3). Suppose q*r = r + g. Is r a prime number?
False
Let m(b) = -b**3 + 10*b**2 - 4. Is m(9) prime?
False
Let o(z) = 6*z**3 + z**2 + 2*z - 1. Let u be o(-3). Let c = u - -397. Is c prime?
False
Let c(o) = -o**3 + 6*o**2 - 5*o + 5. Let r be c(5). Suppose 2*k = -r*d + 668, d - k = 4*k + 112. Is d/20 + 4/10 a prime number?
True
Suppose -1002 = 4*w - 23710. Is w a prime number?
False
Suppose -4*a - q = a + 70, -3*a + 3*q = 60. Let y be 3/a + 1/5. Suppose -4*o - 5*w - 155 = -499, y = 2*o - w - 172. Is o a prime number?
False
Let t = 1981 - -178. Is t a composite number?
True
Suppose 3*c + 23 = -2*d, -4*d + 1 - 33 = 4*c. Let f(s) = -s - 4. Let a be f(c). Let g(y) = y**3 - y**2 - 3*y + 2. Is g(a) a composite number?
False
Suppose 5*v - 5*z = 2425, 0*z - 5*z = -4*v + 1938. Is v prime?
True
Let p be (13/(-26))/(1/(-16)). Suppose -p*r = -6*r - 170. Is r a composite number?
True
Let b = 4563 - 2942. Is b a composite number?
False
Let p(m) = m + 2. Let w be p(-2). Suppose w*l + 83 = l. Is l a prime number?
True
Let x = 1130 + -328. Is x prime?
False
Suppose 6*p - 2 = 5*p. Is (1 - (-114)/4)*p a composite number?
False
Let q(n) = -61*n - 28. Is q(-17) composite?
False
Is 1*-4*-1 - (-176 - -2) a prime number?
False
Suppose 5*g = -0*g + 4*n - 985, 3*g + 591 = 4*n. Let b = g - -418. Is b a prime number?
False
Let f = 164 + -97. Is f composite?
False
Let x(o) be the second derivative of -8*o**3/3 - o**2/2 + o. Is x(-2) a prime number?
True
Suppose -2*o = -7*o + 4*j + 925, o = 4*j + 185. Is o a prime number?
False
Let m be 0/3 + 0 + 5. Suppose m*s = s + 4. Is (-19)/((-4)/s + 3) composite?
False
Let l(d) = -6*d**3 - 5*d**2 - 6*d + 6. Let u(h) = 11*h**3 + 10*h**2 + 12*h - 11. Let m(a) = -7*l(a) - 4*u(a). Is m(-5) a prime number?
True
Let n(w) be the second derivative of w**4/12 + w**3/2 - 3*w**2/2 + 8*w. Is n(-13) prime?
True
Suppose -5*j + 8 = -j. Suppose 0 = -2*x + 4*n + 84, 0 = -2*x - 2*x - n + 186. Suppose -j*s - 7 = -d + x, -170 = -3*d - 5*s. Is d composite?
True
Let s be (-323)/(-2) - (-6)/4. Suppose 3*i - 2 = s. Is i a prime number?
False
Let r = -12 - -17. Suppose 0*d + 1498 = 4*s + 2*d, 0 = 3*s - r*d - 1104. Is s a composite number?
False
Suppose -3*u + 2*u + 3*a - 10 = 0, -a = u - 6. Suppose 0 = -2*z - 5*g + 10, -4*z + 4*g + 68 = u*g. Is z prime?
False
Suppose -s - 78 + 269 = 0. Is s a prime number?
True
Suppose -4*l + 21 = -3*l. Suppose d = -2*d + l. Is d composite?
False
Let y(v) = v**3 - 2*v**2 + 10*v - 14. Let h be y(13). Suppose h = 6*a - a. Is a composite?
True
Suppose 2*d - 191 = d - 3*q, -2*d + q + 368 = 0. Is d a composite number?
True
Let u = -6 + 16. Let p be 4/u + (-69)/(-15). Let n(d) = 11*d - 4. Is n(p) a composite number?
True
Let j = -4 + 6. Suppose 16 = -4*s + 2*b, 5*s + 25 = 3*b + j*b. Let f = 46 - s. Is f a composite number?
True
Let o = -6 - 10. Let s = o + 22. Is s a prime number?
False
Let f(a) = a - 1. Let t(n) = n. Let o(l) = -10*l + 4. Let r(d) = o(d) + 3*t(d). Let w(v) = -5*f(v) - r(v). Is w(1) a composite number?
False
Let s(g) = g**3 - g**2. Let t be s(2). Suppose 0 = -t*q - 4*j + 1016, -2*q - 6*j + j + 517 = 0. Is q composite?
False
Suppose 40 = 3*k + 10. Let p(r) = -k*r - 2*r + 1 + 3*r. Is p(-4) composite?
False
Suppose 4*c - 153 = 83. Suppose -3*s = 5*h - 26 - c, 2*h = 4*s + 8. Is h composite?
True
Suppose -3*o + 0 = -18. Let l be 47/(-2)*(1 - 3). Suppose -g + l = 6*c - 3*c, 0 = -3*g + o. Is c a prime number?
False
Let c be (-6)/(-21) - (-94)/14. Suppose -2*x + c*x - 655 = 0. Is x prime?
True
Suppose w - 6*w = 15. Let p be 1 - 1/1*w. Is (-46)/p*(-16)/8 prime?
True
Let o(j) = 142*j - 65. Is o(12) composite?
True
Suppose 0*b = 2*b + 12. Let f(c) = -c**3 - 2*c**2 - 3*c - 3. Let a be f(b). Suppose 0 = -4*g + 12, -4*g + a = 5*s - 38. Is s prime?
True
Let u(t) = 7*t - 11*t**2 - 5*t + 10*t + t**3 - 13. Is u(11) a composite number?
True
Suppose 20 = 2*s + 2*s. Suppose -5 = -s*z + 5. Is 3702/30 - z/5 a prime number?
False
Let j = -14 - -16. Suppose -m = 5*z - 2 - 1086, -4*m - 422 = -j*z. Is z a composite number?
True
Let g(k) = -2*k**2 + 10*k - 9. Let c be g(10). Suppose -80 + 1260 = -5*f. Let z = c - f. Is z prime?
True
Let x = 247 + 4. Is x composite?
False
Let v(d) = 43*d - 4. Is v(5) prime?
True
Let y = 126 + -760. Let b = y + 1091. Is b prime?
True
Suppose -2*o = -5*o + 540. Suppose 3*v + 373 = 2*s, 2*s = 2*v + 196 + o. Is s prime?
True
Suppose 0 = -4*j - 4*y + 1652, 2*y + 2081 = 5*j + 3*y. Suppose 2*d = -d + j. Let q = d + 16. Is q prime?
False
Let p(b) = -37*b + 36. Is p(-11) prime?
True
Is 1/(-1) - (-6 + 1 - 1045) a composite number?
False
Let n(v) = -30*v + 98*v - 31*v + 30*v**2 + 1 - 34*v. Let o be (4/(-10))/((-3)/(-15)). Is n(o) a composite number?
True
Let p = 9115 + -2310. Is p prime?
False
Let a be ((-2)/5)/(1/(-5)). Suppose 2*t = -a*t + 148. Is t a prime number?
True
Let z = -106 - -399. Is z composite?
False
Suppose 3*g - 791 = -236. Is g a prime number?
False
Suppose -t - 3 = -3*z - 2, 0 = -t - z + 7. Suppose 5*u - 5*s = -2 - 3, 23 = 4*u + t*s. Suppose 26 = u*i - 12. Is i a composite number?
False
Let i(g) = -g - 1. Let d be i(-7). Suppose -3*o - 6 + 15 = 0. Suppose -o*l + d = -0. Is l a composite number?
False
Suppose 2*r + 2*d - 1486 = 0, -5*d = 4*r - 0*d - 2976. Is r prime?
True
Suppose 422 + 422 = -4*c. Is c*(0 + -2 + 1) prime?
True
Is (1/(-1) + -18)*-1 a composite number?
False
Let r(m) = 6*m - 6. Let a be r(3). Is 5735/20 - (-3)/a prime?
False
Let g(o) = 57*o - 7. Let m(p) = -113*p + 13. Let c(j) = -11*g(j) - 6*m(j). Let d(v) = v**3 - 7*v**2 + v - 3. Let r be d(7). Is c(r) a prime number?
False
Suppose 2*n + 3 = 9. Is (1 - -2) + 13 + n prime?
True
Let d(z) = -z**2 + z + 3. Let b be d(-5). Let v = 8 + b. Let k = v - -38. Is k prime?
True
Let n(w) = -72*w - 5. Is n(-3) a prime number?
True
Let m be (24/(-15))/(2/25). Is (14/10)/((-4)/m) composite?
False
Let i(a) = a - 1 + 4*a**2 - 5*a + 3*a - a. Is i(-2) a prime number?
True
Let f = 115 - 117. Let w(h) be the third derivative of -10*h**4/3 - h**3/2 - h**2. Is w(f) composite?
False
Suppose 5*b - 5 = 5*y, 0*b = -3*b + 5*y + 3. Is (b - -1)/((-10)/(-395)) a composite number?
False
Let w = 1416 + -938. Is w prime?
False
Let o(a) be the second derivative of 107*a**6/720 - a**5/40 - a**4/12 - 2*a. Let w(m) be the third derivative of o(m). Is w(2) composite?
False
Let u = 7 - 4. Suppose m - u = -5. Is m/6 + 670/3 composite?
False
Let f(n) = n**2 - 7*n - 8. Suppose r - 2 - 7 = 0. Is f(r) prime?
False
Suppose b - 10 = 5*j, -3*j - 3*b + 13 = -j. Is j/2 + (-115)/(-10) composite?
False
Suppose -3 + 39 = -o. Suppose 12 + 18 = -2*b. Is 35*(o/b + -2) prime?
False
Let b be (39/(-12) + 2)*-4. Suppose 0 = d + d + 10, r + 3*d = -b. Is r prime?
False
Suppose -7*f - 652 = -9*f. Suppose -z + f = z. Is z a prime number?
True
Let o(q) = 12*q + 2. Let v be o(-10). Let p = -81 - v. Suppose -g + 2*b - 3*b = -p, 0 = -3*g - 4*b + 111. Is g a prime number?
True
Let f = 3 - 3. Suppose f*b = 2*b + 50. Is 10/b + (-37)/(-5) composite?
False
Let w be 2/(-6) + 588/9. Let t = 134 - w. Is t a composite number?
True
Let r = -69 - -114. Let x = r - 14. Is x a prime number?
True
Suppose -3*y + 2*y = 0, 5*l - 4*y = 10. Suppose 0 = l*f - 6*f + 152. Is f composite?
True
Let f(l) = l**3 + 12*l**2 + 9*l + 15. Is f(-8) a composite number?
False
Let k be 3/(-12) - 1/(-4). Let b = k + -2. Is (-29)/b - 2/4 composite?
True
Let f be 2/(-4)*2*-178. Is f/((-2)/1)*-1 a composite number?
False
Let i be (-2)/9 + 174/54. Suppose -82 = -i*d - 0*d - 4*u, -u = -2*d + 73. Is d prime?
False
Let s(x) = 111*x**2 + x - 1. Let h be s(2). Suppose d - 5*t = 6*d - h, -5*d - 4*t + 447 = 0. Is d composite?
True
Let m be (3/(-1) - -5) + -4. Is (-5 - -19) + 6/m composite?
False
Let b(v) = 3*v - 8. Suppose 0 = 5*t - 3*s - 43, 0*t - 3*t = -s - 25. Suppose x - t = -3*d + d, 5*x - 4 = -4*d. Is b(d) a prime number?
False
Suppose -a - 90 = 3*z, 3*z = 2*a + 3*a - 90. Let s = 58 + z. Suppose -i = -5*u - 78, 0 = 3*i - 2*i + 5*u - s. Is i a composite number?
False
Let s(c) = -4*c**3 + 8*c**2 - 4*c - 7. Is s(-6) a prime number?
False
Let j(k) = 2*k - 6. Let m be j(5). Let t(h) = 2*h**3 - 4*h**2 + 3*h - 8. Let i be t(7). Suppose -149 = -m*o + i. Is o composite?
False
Le